 5*a - 2068 = 0, 4*x - 2*a + 2501 + 1603 = 0. Let s be 4/(-14) - (x/(-56))/(-8). Calculate the highest common divisor of s and 22.
2
Let t(r) = -r + 77. Let l be t(25). What is the greatest common factor of 598 and l?
26
Let f(v) = -v**3 - 6*v**2 - 2*v - 4. Let l be f(-6). Let u be 2/l - (-1071)/84. Calculate the greatest common factor of 39 and u.
13
Suppose -13*y = -8*y - 70. Suppose 0 = y*j - 17*j + 33. Calculate the greatest common divisor of j and 11.
11
Let f be 3*2 + 0 + -1. Let q(p) be the second derivative of p**4/12 - 20*p. Let b be q(f). Calculate the highest common divisor of 10 and b.
5
Let r = -323 + 414. Let i = 21 - 14. What is the greatest common divisor of r and i?
7
Let n(d) = d + 71. Let b be n(-40). What is the highest common factor of 496 and b?
31
Let f be (-2)/4*2*6. Let m(c) = -c**3 + 8*c**2 - 14*c + 10. Let t be m(6). Let a be (t - f)*(-2 - -3). Calculate the greatest common divisor of 1 and a.
1
Let q be (-19 + 15)/((-12)/1125). What is the highest common factor of q and 225?
75
Let n(o) = o**3 - 5*o**2 - o + 2. Let d be n(5). Let u be ((-7)/2 - -2)/(d/726). What is the greatest common factor of 33 and u?
33
Let a be ((-2556)/(-15))/(5 + 47/(-10)). Calculate the greatest common divisor of a and 8.
8
Let f = 44 - 40. Suppose 5 = f*n + a, 2*n = 7*n - 5*a. What is the highest common factor of 2 and n?
1
Suppose 2*u + 0*u - k + 34 = 0, 2*k - 53 = 3*u. Let s = u - -25. Calculate the greatest common divisor of s and 50.
10
Suppose 0 = -10*a + 7*a + 231. Calculate the greatest common factor of a and 56.
7
Suppose 4*a + 45 - 1921 = 0. Calculate the greatest common divisor of a and 67.
67
Let a be -1 - 2 - (-3 - 4). Suppose w - 198 = -w - 4*c, -5*c + 399 = a*w. Let v = -36 + w. Calculate the greatest common divisor of 26 and v.
13
Let b = 21 - 40. Let h = b + 23. Suppose 0 = -m + h*m - 45. What is the highest common factor of 60 and m?
15
Let a = -1234 - -1274. Calculate the greatest common divisor of 170 and a.
10
Suppose 0 = 4*h + 5*d - 941, 0 = -10*h + 11*h + 2*d - 236. Calculate the greatest common divisor of 78 and h.
78
Suppose 0 = -2*o + l + 109, -5*l - 153 = 18*o - 21*o. What is the greatest common divisor of 12 and o?
4
Let q = 22 + -14. Suppose -q = -t - 7. Suppose 15 = k - t. Calculate the highest common factor of k and 48.
16
Let b(h) = 83*h + 4. Let f be b(3). Suppose 0 = 7*d - 10*d - 102. Let w = d - -57. What is the highest common factor of w and f?
23
Suppose 857 = -4*c + 7065. What is the greatest common divisor of 16 and c?
16
Let d(v) = -30*v - 1. Let h be d(3). Let q = h - -99. Calculate the highest common factor of 32 and q.
8
Let l(s) = -s**3 - 9*s**2 - 21*s - 38. Let y be l(-7). Calculate the greatest common divisor of 253 and y.
11
Let u(a) = 1 - 3*a - 6*a**2 + a**3 - 3 - 6. Let f be u(7). Let o be (1 - 3)*-80*1. What is the highest common factor of f and o?
20
Let k(n) = -n**3 - 2*n**2 + 11*n + 8. Let r be k(-8). Calculate the greatest common divisor of 114 and r.
38
Suppose 4*s - 1 = 7. Let p be (2*39/(-18))/(s/(-6)). What is the highest common divisor of 13 and p?
13
Suppose 5*z + 0*z - 360 = 0. Let s be ((-12)/(-9))/(1/z). Calculate the greatest common divisor of 24 and s.
24
Let t(q) = -q - 1. Let a(b) = -b. Let j(n) = -4*a(n) + 3*t(n). Let o be j(7). Suppose 0 = -7*y + o*y + 300. Calculate the greatest common factor of y and 20.
20
Suppose 16 = 2*m + 6. Suppose 0 = -111*o + 99*o + 420. What is the greatest common factor of o and m?
5
Let x be (-1 - -4)*8*1. Let w(a) = -a - 3 + 2 + 0 + 28. Let z be w(11). Calculate the greatest common divisor of z and x.
8
Let o be 8/6*-127*(-9)/6. Suppose q - 86 = c, -q + o = 2*q + c. Calculate the highest common divisor of q and 34.
17
Let x be (2/(-10))/(2/(-1010)). Suppose 0 = a - x + 83. Calculate the greatest common divisor of a and 54.
18
Let v be ((-66)/15 - -2)/((-9)/3645). What is the greatest common factor of v and 36?
36
Suppose 9*u - 10 = 7*u. Suppose -w = -u*k - 11, -4*w + 136 = w + 2*k. Calculate the greatest common factor of w and 39.
13
Let x(z) = 15*z**3 - 3*z**2 - 8*z + 10. Let s be x(2). Calculate the highest common divisor of 306 and s.
102
Let f = 32 - 26. Suppose c = -11*c + 48. What is the greatest common factor of f and c?
2
Let p = 13 - 8. Let s be (-138 - -6)*3/(-2). Suppose -l + s = p*l. Calculate the highest common factor of 11 and l.
11
Let o(v) = 4*v - 9. Let u be o(8). Calculate the greatest common divisor of u and 69.
23
Let d be -1 - (-4*4 - 2). Let l = 22 - d. Suppose -q = -l*q + 16. Calculate the highest common divisor of 10 and q.
2
Suppose 0 = -u - 2*u + 6, 0 = -t - 2*u - 11. Let h be -3 - 1*t/3. Suppose m = -m + 4, -2*r + 2*m = h. Calculate the greatest common factor of r and 3.
1
Let h(b) be the second derivative of -b**3 - 6*b + 0*b**2 + 0 + 7/12*b**4. Let j be h(6). What is the greatest common divisor of j and 24?
24
Let i(q) = -3*q**2 - 28*q - 21. Let h be i(-9). Let o(r) = -r**3 - 9*r**2 + 28*r. Let b be o(h). Calculate the highest common factor of b and 12.
12
Let g(z) = -z + 5*z - 6 + 6*z - 4*z. Let b be g(4). What is the highest common divisor of 12 and b?
6
Let u be 2*2*((-5)/10 + 1). Suppose 2*w - 4*y = 10 - 4, -3*w + 13 = -u*y. Calculate the highest common factor of w and 1.
1
Suppose 7*g = 2*g - 10. Let a be ((-104)/(-6))/(g/6). Let j = a + 156. Calculate the highest common factor of j and 13.
13
Suppose 506 = 4*d - 38. Let q = -92 + d. Suppose 4*z - q - 4 = 0. What is the greatest common factor of 12 and z?
12
Let o = 6 - -22. Let c = -23 + o. Suppose 5*s - 193 = 3*v - 69, -c*s - v = -132. Calculate the greatest common factor of 39 and s.
13
Suppose -5*p + 4*p = -2. Suppose -4*d + 2 = -p. What is the greatest common factor of 3 and d?
1
Let u(y) = 4*y - 27. Let k = -90 - -99. Let d be u(k). Calculate the greatest common factor of 99 and d.
9
Suppose 3*n - 2*n = 3. Suppose 0 = 4*c + 4*o, n*o = -0*c + 4*c - 21. Suppose -m - 5 = -c*s + 15, m = 4*s - 25. Calculate the greatest common factor of 45 and s.
5
Suppose 0 = 2*o + 2 - 22. Let p = o + 18. Calculate the highest common divisor of p and 14.
14
Let r(u) = -20*u - 190. Let g be r(-12). What is the greatest common factor of 140 and g?
10
Let t = 367 - -93. Suppose 9*y - 269 = t. Calculate the greatest common divisor of y and 54.
27
Let v be 0/(-5)*(-2)/(-4). Suppose -5*h + 51 = 4*c, 5*h + c - 39 = -v*c. Let o = -1 - -8. Calculate the highest common divisor of o and h.
7
Suppose 2*v - 12 - 8 = -5*q, -4*v - q = -76. Calculate the highest common factor of v and 90.
10
Let w = -2273 + 4244. What is the highest common factor of 27 and w?
27
Let p = -199 - -202. Let c = 15 - 3. What is the highest common factor of p and c?
3
Suppose -3*d + c + 1006 = 208, 0 = -5*d + 5*c + 1320. Let v = -33 + 38. Suppose v*o - 13 = d. What is the greatest common factor of o and 14?
14
Suppose 121*n - 124*n + 252 = 0. What is the highest common factor of n and 1197?
21
Suppose 219 = -3*i - r, -3*r = -3*i - 2*r - 213. Let b = -32 - i. What is the greatest common factor of 120 and b?
40
Let d be 1*(-156)/(-3 + -1). Calculate the highest common factor of d and 3.
3
Let w be (-3168)/88*1*-1. What is the greatest common factor of 90 and w?
18
Suppose 27*v + 6*v - 1056 = 0. Calculate the highest common factor of 288 and v.
32
Let p = -536 + 781. What is the greatest common divisor of 175 and p?
35
Suppose 45*n - 372 = 44*n. Let f be -2 + n/15 + 2/10. What is the highest common divisor of 23 and f?
23
Let n be (-20 + 19)/(3/(-126)). What is the greatest common divisor of 966 and n?
42
Let g = -73 + 80. Let p be 2 + (-231)/(-12) + 2/(-8). What is the highest common factor of g and p?
7
Let y(o) = 3*o**2 - 10*o + 17. Let u be y(3). What is the greatest common factor of u and 98?
14
Let z(m) = 9*m + 180. Let a be z(-19). Calculate the highest common divisor of 225 and a.
9
Suppose -10*l + 36 = m - 8*l, -4*l = 5*m - 174. Let o = -12 + 29. What is the greatest common factor of o and m?
17
Let d = -68 - -38. Let k = d + 66. Let f be (-6 + 57 + -3)*(-2)/(-4). Calculate the greatest common divisor of k and f.
12
Let g = -695 - -735. What is the greatest common factor of 1 and g?
1
Let d(r) = r**3 - 69*r**2 - 61*r - 342. Let q be d(70). Calculate the highest common factor of q and 352.
32
Let m = 101